t o(y) = -8*y**3 - 322*y**2 - 88*y - 324. Give o(-40).
-4
Let a(n) = -802*n - 23871. Determine a(-30).
189
Let t(d) = d**3 - 152*d**2 + 119*d + 27142. Determine t(150).
-8
Let x(r) = -225422*r - 1127099. Determine x(-5).
11
Let p(s) = -s**3 - 7*s**2 - 140*s - 1516. Calculate p(-10).
184
Let g(h) = 37*h**2 + 7396*h + 37026. Give g(-5).
971
Let b(o) = -2*o**3 - 42*o**2 + 11*o + 1155. Determine b(-20).
135
Let m(c) = -3637*c - 50870. Determine m(-14).
48
Let u(i) = -2140649*i - 6422000. Calculate u(-3).
-53
Let z(w) = -3833*w - 57832. Determine z(-15).
-337
Let s(a) = -61*a + 23. What is s(-3)?
206
Let j(f) = 14*f**2 + 241*f - 249. What is j(-18)?
-51
Let s(a) = 19*a**3 + 937*a**2 - 1633*a + 97. Calculate s(-51).
148
Let d(p) = 80*p**3 + 478*p**2 + 54. Give d(-6).
-18
Let j(v) = 53*v - 17609. Calculate j(327).
-278
Let u(k) = -391*k + 25941. What is u(66)?
135
Let x(d) = -470*d**2 - 68*d - 4. What is x(-1)?
-406
Let q(x) = 1932*x - 23433. Calculate q(12).
-249
Let x(g) = -2994*g + 3044. Give x(1).
50
Let f(a) = a**3 + 54*a**2 - 1471*a + 46. Calculate f(20).
226
Let n(o) = -49*o**2 - 1095*o - 154. Determine n(-22).
220
Let h(b) = -15486*b + 77432. Give h(5).
2
Let b(q) = -3116992*q + 3117002. Give b(1).
10
Let q(n) = -n**3 + 197*n**2 + 1218*n - 6. Determine q(-6).
-6
Let h(f) = -1792501*f + 12547518. Give h(7).
11
Let u(y) = -21430*y + 169535. What is u(8)?
-1905
Let p(x) = -43192*x - 216372. What is p(-5)?
-412
Let u(d) = 21*d**2 - 1888*d + 5305. What is u(87)?
-2
Let n(o) = -14*o**3 + 300*o**2 + 146*o - 5717. Determine n(21).
-5
Let r(c) = c**3 + 18*c**2 + 20*c - 62. Calculate r(-6).
250
Let p(u) = 23892*u - 979577. What is p(41)?
-5
Let u(j) = 35966*j - 467555. Calculate u(13).
3
Let u(t) = -2*t**2 - 5088*t - 3217154. What is u(-1175)?
-4
Let h(k) = -6621*k + 139133. Determine h(21).
92
Let u(l) = 5*l**3 - 80*l**2 - 2316*l + 37180. Determine u(16).
124
Let b(j) = j**2 + 927*j - 1025059. What is b(650)?
-9
Let d(n) = 2*n**2 + 778*n + 75248. Calculate d(-180).
8
Let g(i) = -286*i + 517. Calculate g(-3).
1375
Let k(p) = 2*p**2 - 1364*p - 16668. Give k(-12).
-12
Let c(m) = 2*m**2 - 147*m + 4095. Calculate c(47).
1604
Let d(f) = 3*f**2 + 947*f - 15988. Determine d(16).
-68
Let x(w) = 945118*w + 6615816. Determine x(-7).
-10
Let v(g) = -g**3 + 17*g**2 + 11*g + 257. What is v(28)?
-8059
Let m(y) = -y**3 - 86*y**2 + 181*y + 285. Calculate m(-88).
-155
Let o(x) = 7562511*x + 2. What is o(0)?
2
Let r(q) = -2*q**3 + 2211*q**2 - 40174*q - 48922. Calculate r(1087).
-7
Let o(i) = i**3 + 537*i**2 + 44400*i + 3069. Calculate o(-102).
9
Let z(m) = -14522*m - 203299. Calculate z(-14).
9
Let r(p) = 3172*p - 393562. Determine r(124).
-234
Let h(p) = -39*p - 29486. Calculate h(-756).
-2
Let r(a) = 10*a**2 - 641*a + 5504. Give r(54).
50
Let v(f) = -2*f**3 - 388*f**2 + 2305*f + 13. Determine v(6).
-557
Let b(g) = -12*g**3 + 18*g**2 + 186*g - 370. Determine b(2).
-22
Let c(u) = 4*u**2 + 331*u + 1700. What is c(-74)?
-890
Let h(q) = 7*q**2 - 205*q + 1335. What is h(21)?
117
Let m(q) = -4816*q - 24272. What is m(-5)?
-192
Let i(w) = 13002*w - 533075. Calculate i(41).
7
Let x(o) = 355*o + 26595. Give x(-75).
-30
Let b(y) = y**3 + 14*y**2 - 106*y + 13. What is b(-19)?
222
Let v(w) = w**3 - 155*w**2 - 44*w - 4. Calculate v(0).
-4
Let a(s) = 6*s**3 + 9*s**2 - 145*s - 620. Determine a(-7).
-1222
Let b(r) = -2*r**2 - 345*r - 4363. Determine b(-159).
-70
Let b(v) = -2*v**3 - 2*v**2 + 116*v - 353. Give b(4).
-49
Let v(g) = -2*g**2 - 3709*g - 505115. Calculate v(-148).
9
Let r(x) = 2*x**2 + 117*x + 680. What is r(-7)?
-41
Let s(o) = -o**2 + 77*o - 3650. What is s(24)?
-2378
Let x(a) = 102*a**2 + 11178*a + 33547. What is x(-3)?
931
Let m(d) = 2*d**2 - 13*d - 2219. What is m(-31)?
106
Let o(s) = 4*s**3 + 277*s**2 + 4597*s + 796. What is o(-42)?
-2
Let u(x) = -2*x**3 + 691*x**2 - 13936*x + 1315. Determine u(324).
19
Let z(u) = -5518*u - 149050. What is z(-27)?
-64
Let r(y) = -2*y**3 - 176*y**2 - 237*y - 6322. Calculate r(-87).
-841
Let b(u) = 37221*u - 334936. Give b(9).
53
Let w(z) = 37*z**3 + 10*z**2 - 4*z - 3. Calculate w(-3).
-900
Let y(a) = a**3 + 64*a**2 - 433*a + 95. Determine y(-70).
1005
Let s(o) = 63*o**2 - 2753*o - 13795. Calculate s(-5).
1545
Let q(u) = -22004*u + 3256595. What is q(148)?
3
Let o(d) = -2*d**3 + 47*d**2 - 905*d + 2344. Determine o(3).
-2
Let n(s) = -13*s**2 - 711*s + 3879. Calculate n(5).
-1
Let u(t) = -t**3 + 180*t**2 + 416*t - 9475. Determine u(182).
-11
Let d(l) = 126132*l - 378403. Determine d(3).
-7
Let m(a) = a**3 - 9*a**2 - 14*a - 60. What is m(6)?
-252
Let a(c) = -170829*c + 170839. Calculate a(1).
10
Let c(y) = 3399*y + 91539. What is c(-27)?
-234
Let f(h) = 34630*h - 1281315. Give f(37).
-5
Let j(w) = -21*w**3 + 158*w**2 + 76*w + 10. Give j(8).
-22
Let j(m) = -1642975*m + 13143790. What is j(8)?
-10
Let k(w) = -1672*w + 12430. Determine k(7).
726
Let r(c) = 16049*c + 129026. What is r(-8)?
634
Let q(z) = -z**2 + 91386*z + 1279584. What is q(-14)?
-16
Let o(m) = -1479*m**2 - 93175*m + 115. Calculate o(-63).
-11
Let h(k) = 70976*k + 1419476. Give h(-20).
-44
Let r(v) = -267388*v - 1336963. What is r(-5)?
-23
Let x(y) = 7*y**3 + 470*y**2 + 908*y + 56343. Determine x(-67).
-4
Let z(m) = 4558*m - 49204. Give z(11).
934
Let m(n) = -3864*n - 77317. What is m(-20)?
-37
Let n(x) = 41*x + 4839. Give n(-117).
42
Let r(h) = -h**3 + 5*h**2 - 451*h + 4226. What is r(9)?
-157
Let n(m) = 2471*m - 1309606. What is n(530)?
24
Let s(t) = -816*t - 187719. Determine s(-230).
-39
Let h(j) = -3*j**2 - 52*j + 824. Calculate h(13).
-359
Let p(y) = -y**3 + 230*y**2 + 4*y - 689. Calculate p(230).
231
Let s(r) = -r**3 + 95*r**2 - 507*r - 2428. Calculate s(89).
-25
Let d(c) = -188774*c - 3020385. Give d(-16).
-1
Let z(h) = 13*h**2 - 1093*h - 367. What is z(85)?
653
Let s(c) = -9*c**2 - 70*c + 23130. What is s(47)?
-41
Let s(p) = -p**3 - 60*p**2 - 914*p - 1830. What is s(-36)?
-30
Let s(z) = z**3 + 91*z**2 + 91*z + 114. Give s(-90).
24
Let t(u) = 173844*u + 43982531. Give t(-253).
-1
Let z(g) = 2*g**3 - 53*g**2 + 174*g - 123. Determine z(24).
1173
Let w(y) = -52*y**2 - 98*y + 693. Calculate w(6).
-1767
Let g(i) = 1142*i - 42288. Calculate g(37).
-34
Let h(u) = u**2 - 9569*u - 76624. What is h(-8)?
-8
Let m(k) = 1685*k - 4433. Calculate m(3).
622
Let p(v) = -4769*v + 19034. Determine p(4).
-42
Let f(o) = -2*o**2 - 193*o - 3236. Give f(-77).
-233
Let n(t) = -t**2 + 11*t + 63196. Determine n(257).
-26
Let u(l) = l**3 - 413*l**2 - 9121*l + 2938. What is u(434)?
-100
Let o(s) = -s**3 + 123*s**2 - 3770*s - 722. What is o(62)?
22
Let f(w) = -4599390*w - 27596348. Determine f(-6).
-8
Let p(j) = 268*j - 44240. What is p(164)?
-288
Let j(h) = 385*h + 676. Calculate j(-3).
-479
Let m(z) = -233*z - 159. Determine m(-1).
74
Let m(y) = 379*y + 735. Give m(-13).
-4192
Let s(f) = 26390*f + 3034857. Give s(-115).
7
Let s(u) = -5*u**2 + 359*u - 1898. Give s(66).
16
Let p(q) = 2*q**2 + 289*q - 5232. Give p(17).
259
Let l(t) = -5*t**2 - 143*t + 398. Calculate l(-30).
188
Let h(w) = 1389*w + 91728. What is h(-66)?
54
Let a(d) = 11303*d + 553845. Calculate a(-49).
-2
Let a(l) = -7*l**2 - 22091*l - 44187. Give a(-2).
-33
Let n(d) = -2259*d**2 + 13557*d - 17. Determine n(6).
1
Let d(k) = -56388*k - 56406. Calculate d(-1).
-18
Let p(h) = -10*h**2 + 542*h + 1887. Calculate p(65).
-5133
Let s(z) = -z**3 + 2*z**2 + 671*z - 58. Give s(27).
-166
Let u(k) = 3*k**2 + 152*k + 1113. What is u(-11)?
-196
Let z(v) = -13*v**2 - 433*v + 328. Calculate z(-37).
-1448
Let l(h) = -1405*h - 36003. Calculate l(-25).
-878
Let x(i) = -2*i**3 - 116*i**2 + 90*i - 1286. Determine x(-59).
366
Let m(h) = -81*h**3 + 2*h**2 + 10*h + 8. What is m(-1)?
81
Let k(b) = -8*b**3 + 71*b**2 + 93*b - 1188. Determine k(8).
4
Let y(l) = l**3 + 353*l**2 - 55572*l - 718. Give y(118).
-10
Let r(l) = -1726*l - 5414. Determine r(-3).
-236
Let u(s) = 24*s**2 + 1074*s - 10097. Give u(8).
31
Let v(r) = -2*r**3 + 7*r**2 + 24*r - 31. Give v(-5).
274
Let d(z) = -z**3 - 13*z**2 + 119*z - 76. Calculate d(-21).
953
Let z(h) = -h**3 - 82*h**2 - 1246*h - 20. Determine z(-20).
100
Let f(c) = -3*c**2 - 50358*c - 1106409. Determine f(-22).
15
Let s(f) = -f**2 + 215*f - 11131. Calculate s(146).
-1057
Let v(s) = 19474*s - 19413. Determine v(1).
61
Let u